{"id":7660,"date":"2022-11-14T15:17:35","date_gmt":"2022-11-14T14:17:35","guid":{"rendered":"https:\/\/billerbeck.info\/?page_id=7660"},"modified":"2024-04-08T15:49:38","modified_gmt":"2024-04-08T13:49:38","slug":"recycling","status":"publish","type":"page","link":"https:\/\/billerbeck.info\/ch\/nachhaltigkeit\/recycling\/","title":{"rendered":"Recycling_alt"},"content":{"rendered":"\n<h2 class=\"wp-block-heading has-text-align-center\">Der Umwelt zuliebe: Mehrweg statt Einweg<\/h2>\n\n\n\n<p>Besonders am Herzen liegt uns bei der Verwertung der verwendeten Stoffe und Materialien das Thema Recycling.<\/p>\n\n\n\n<p>Rest- und Randabf\u00e4lle werden \u2013 soweit dies vom Gesetzgeber erlaubt ist \u2013 getrennt und wieder dem Produktionskreislauf zugef\u00fchrt. Dies gelingt dank moderner R\u00fcckf\u00fchrungsanlagen, durch die wir wertvolle Rohstoffe, die bei der Produktion abfallen, wieder in den Kreislauf der Materialstr\u00f6me zur\u00fcckf\u00fchren k\u00f6nnen.<\/p>\n\n\n\n<p>Auf diese Weise gelingt es uns sicherzustellen, dass keine unserer hochwertigen Fasern, Federn oder Daunen verschwendet werden. Dadurch wird nicht nur der Materialeinsatz reduziert, sondern auch die Umwelt geschont, indem nachweisbar CO<sub>2<\/sub>-Emissionen eingespart werden.<\/p>\n\n\n\n<p>Durch die Zusammenarbeit mit in diesem Bereich t\u00e4tigen Unternehmen gelingt uns die Wiederverwertung bzw. Weiterverwendung der bei der Produktion anfallenden Reststoffrandstreifen von Duvets, Kissen und Toppern. W\u00e4hrend das F\u00fcllmaterial zur\u00fcck zu billerbeck geht und bei der Produktion wiederverwertet wird, gehen die Streifen als gepresste Ballen bereits seit mehreren Jahren zu einer Firma, die den Stoff zur Weiterverwertung nutzen kann.<\/p>\n\n\n\n<h2 class=\"wp-block-heading has-text-align-center\">Sorgf\u00e4ltige Abfalltrennung zahlt sich aus<\/h2>\n\n\n\n<p><strong>Umstellung von Gewerbeabfall auf verwertbaren Abfall<\/strong><\/p>\n\n\n\n<p>Mit einem durchdachten Abfallsystem werden die Abf\u00e4lle sortiert, verwertet und in den Recycling-Kreislauf zur\u00fcckgef\u00fchrt. Dadurch konnten wir den Gewerbeabfall erheblich reduzieren und stellen das Recycling der Stoffe und Materialien sicher.<\/p>\n","protected":false},"excerpt":{"rendered":"<p>Der Umwelt zuliebe: Mehrweg statt Einweg Besonders am Herzen liegt uns bei der Verwertung der verwendeten Stoffe und Materialien das Thema [&hellip;]<\/p>\n","protected":false},"author":2,"featured_media":7662,"parent":7634,"menu_order":0,"comment_status":"closed","ping_status":"closed","template":"","meta":{"_acf_changed":false,"footnotes":""},"class_list":["post-7660","page","type-page","status-publish","has-post-thumbnail","hentry"],"acf":[],"_links":{"self":[{"href":"https:\/\/billerbeck.info\/ch\/wp-json\/wp\/v2\/pages\/7660","targetHints":{"allow":["GET"]}}],"collection":[{"href":"https:\/\/billerbeck.info\/ch\/wp-json\/wp\/v2\/pages"}],"about":[{"href":"https:\/\/billerbeck.info\/ch\/wp-json\/wp\/v2\/types\/page"}],"author":[{"embeddable":true,"href":"https:\/\/billerbeck.info\/ch\/wp-json\/wp\/v2\/users\/2"}],"replies":[{"embeddable":true,"href":"https:\/\/billerbeck.info\/ch\/wp-json\/wp\/v2\/comments?post=7660"}],"version-history":[{"count":5,"href":"https:\/\/billerbeck.info\/ch\/wp-json\/wp\/v2\/pages\/7660\/revisions"}],"predecessor-version":[{"id":11659,"href":"https:\/\/billerbeck.info\/ch\/wp-json\/wp\/v2\/pages\/7660\/revisions\/11659"}],"up":[{"embeddable":true,"href":"https:\/\/billerbeck.info\/ch\/wp-json\/wp\/v2\/pages\/7634"}],"wp:featuredmedia":[{"embeddable":true,"href":"https:\/\/billerbeck.info\/ch\/wp-json\/wp\/v2\/media\/7662"}],"wp:attachment":[{"href":"https:\/\/billerbeck.info\/ch\/wp-json\/wp\/v2\/media?parent=7660"}],"curies":[{"name":"wp","href":"https:\/\/api.w.org\/{rel}","templated":true}]}}

<h2 class="wp-block-heading has-text-align-center">Der Umwelt zuliebe: Mehrweg statt Einweg</h2>



<p>Besonders am Herzen liegt uns bei der Verwertung der verwendeten Stoffe und Materialien das Thema Recycling.</p>



<p>Rest- und Randabfälle werden – soweit dies vom Gesetzgeber erlaubt ist – getrennt und wieder dem Produktionskreislauf zugeführt. Dies gelingt dank moderner Rückführungsanlagen, durch die wir wertvolle Rohstoffe, die bei der Produktion abfallen, wieder in den Kreislauf der Materialströme zurückführen können.</p>



<p>Auf diese Weise gelingt es uns sicherzustellen, dass keine unserer hochwertigen Fasern, Federn oder Daunen verschwendet werden. Dadurch wird nicht nur der Materialeinsatz reduziert, sondern auch die Umwelt geschont, indem nachweisbar CO<sub>2</sub>-Emissionen eingespart werden.</p>



<p>Durch die Zusammenarbeit mit in diesem Bereich tätigen Unternehmen gelingt uns die Wiederverwertung bzw. Weiterverwendung der bei der Produktion anfallenden Reststoffrandstreifen von Duvets, Kissen und Toppern. Während das Füllmaterial zurück zu billerbeck geht und bei der Produktion wiederverwertet wird, gehen die Streifen als gepresste Ballen bereits seit mehreren Jahren zu einer Firma, die den Stoff zur Weiterverwertung nutzen kann.</p>



<h2 class="wp-block-heading has-text-align-center">Sorgfältige Abfalltrennung zahlt sich aus</h2>



<p><strong>Umstellung von Gewerbeabfall auf verwertbaren Abfall</strong></p>



<p>Mit einem durchdachten Abfallsystem werden die Abfälle sortiert, verwertet und in den Recycling-Kreislauf zurückgeführt. Dadurch konnten wir den Gewerbeabfall erheblich reduzieren und stellen das Recycling der Stoffe und Materialien sicher.</p>
