{"id":7663,"date":"2022-11-14T15:18:13","date_gmt":"2022-11-14T14:18:13","guid":{"rendered":"https:\/\/billerbeck.info\/?page_id=7663"},"modified":"2024-04-08T15:53:18","modified_gmt":"2024-04-08T13:53:18","slug":"regionales-engagement-fuer-mensch-tier-und-umwelt","status":"publish","type":"page","link":"https:\/\/billerbeck.info\/ch\/nachhaltigkeit\/regionales-engagement-fuer-mensch-tier-und-umwelt\/","title":{"rendered":"Regionales Engagement f\u00fcr Mensch, Tier und Umwelt_alt"},"content":{"rendered":"\n<h2 class=\"wp-block-heading\"><\/h2>\n\n\n\n<p>Ziel der billerbeck-Spenden ist es, die Vielfalt des gesellschaftlichen Engagements aufzuzeigen und wertzusch\u00e4tzen. Deshalb pflegen und unterst\u00fctzen wir gemeinsam mit unseren Partnern zahlreiche b\u00fcrgerliche Initiativen. Dieser Einsatz f\u00fcr Natur- und Klimaschutz sowie soziale und kulturelle Projekte in unserem Umfeld ist uns eine Herzensangelegenheit, die hohe Priorit\u00e4t hat.<\/p>\n\n\n\n<h2 class=\"wp-block-heading has-text-align-center\">Klimaneutrales Drucken und umweltschonende Verpackungen<\/h2>\n\n\n\n<p>billerbeck Schweiz mit einer aus dem regionalen Umfeld stammenden Druckerei zusammenarbeitet, die besonderen Wert auf klimaneutrales Drucken und umweltschonende Verpackungen legt. Diese beliefert billerbeck mit Kartonagen f\u00fcr unsere Daunendecken und Kissen. F\u00fcr die Produkte unserer Marke Swiss Dream verwenden wir des Weiteren neue Boxen, die aus bis zu 80 % recyceltem Material bestehen.<\/p>\n\n\n\n<h2 class=\"wp-block-heading has-text-align-center\">\u00d6kologisches Produktion durch W\u00e4rmer\u00fcckgewinnung<\/h2>\n\n\n\n<p>Dar\u00fcber hinaus bem\u00fchen wir uns auch um ein \u00f6kologisches Engagement in der Produktion. Mit der vorhandenen W\u00e4rmer\u00fcckgewinnung sparen wir beim Trocknen der Daunen und Federn bereits pro Stunde ca. 4 kg Heiz\u00f6l ein, was \u00fcber das Jahr gesehen einer Reduktion von ungef\u00e4hr 6.000 bis 8.000 kg Heiz\u00f6l entspricht. Mit anderen Worten ausgedr\u00fcckt, verzeichnen wir bei einem j\u00e4hrlichen Verbrauch von 100.000 kg Einsparungen in H\u00f6he von 7 %.<\/p>\n\n\n\n<h2 class=\"wp-block-heading has-text-align-center\">Friedlicher Schlaf ist unbezahlbar.<br>billerbeck Spenden f\u00fcr Hilfsbed\u00fcrftige und Fl\u00fcchtlinge<\/h2>\n\n\n\n<p>In Zusammenarbeit mit gemeinn\u00fctzigen Organisationen, Gemeinden und St\u00e4dten in der Region, engagieren wir uns mit grossz\u00fcgigen Geld- und Sachspenden von Bettwaren bei denjenigen, f\u00fcr die friedlicher und erholsamer Schlaf nicht selbstverst\u00e4ndlich ist.<\/p>\n\n\n\n<p>F\u00fcr den unerm\u00fcdlichen Einsatz in den schwierigen Zeiten, die Unterst\u00fctzung, Organisation<br>und Logistik danken wir insbesondere: Bruchsal (Caritas), Stadt Kraichtal f\u00fcr Fl\u00fcchtlinge, Integrations-Kulturzentrum e.V. Mettmann und der Fl\u00fcchtlingsunterkunft der Gemeinde Zaberfeld.<\/p>\n\n\n\n<p>Dar\u00fcber hinaus unterst\u00fctzen wir folgende Organisationen und Vereine: TAFEL in Deutschland und \u00d6sterreich, Deutsches Roten Kreuz Kraichtal, Lebenshilfe Bruchsal-Bretten e. V., Ein Herz f\u00fcr Kinder\u201c, Kinderhospizdienst, \u201eblut.eV \u2013 B\u00fcrger f\u00fcr Leuk\u00e4mie- und Tumorerkrankungen\u201c, Der bunte Kreis, Autismuszentrum Bruchsal, Kraichtal hilft e. V., Oase des Lebens e.V. und die Aktion: Weihnachten im Schuhkarton.<\/p>\n\n\n\n<h2 class=\"wp-block-heading has-text-align-center\">Initiative zum Insektenschutz<\/h2>\n\n\n\n<p>Eine in unmittelbarer N\u00e4he unseres Firmengel\u00e4ndes liegende Wiese wurde 2019 von billerbeck gekauft und einem P\u00e4chter \u00fcberlassen, der diese nach strengen \u00f6kologischen Vorschriften bewirtschaftet, deren Einhaltung f\u00fcr uns h\u00f6chste Priorit\u00e4t besitzt. Beispielhaft anzuf\u00fchren ist dabei der geringe Einsatz von D\u00fcngemitteln oder das nur zweimalige M\u00e4hen des Grundst\u00fcckes pro Jahr mit Schneidewerkzeug, was gerade f\u00fcr den Insektenbestand und Artenschutz sehr wichtig ist.<\/p>\n\n\n\n<p>Durch dieses Engagement m\u00f6chten wir einen nachhaltigen Beitrag zum Naturschutz und insbesondere auch zur Bek\u00e4mpfung des problematischen Insektenschwundes leisten. Dabei liegt uns vor allem die richtige Pflege oder gar eine Verbesserung der Wiese am Herzen, um so f\u00fcr mehr Artenreichtum der Tier- und Pflanzenwelt zu sorgen.<\/p>\n\n\n\n<h2 class=\"wp-block-heading has-text-align-center\">Unser Einsatz f\u00fcr den Naturschutz<\/h2>\n\n\n\n<p>Um unser regionales Engagement und dabei vor allem unseren Einsatz f\u00fcr den Naturschutz&nbsp;zu unterstreichen, legen wir grossen Wert auf die Zusammenarbeit mit dem NABU Kraichtal.&nbsp;Regelm\u00e4ssige Spenden werden insbesondere f\u00fcr den Kauf von Grundst\u00fccken verwendet, die der NABU Kraichtal im Sinn des Naturschutzes bewirtschaftet.<\/p>\n\n\n\n<figure class=\"wp-block-gallery has-nested-images columns-default is-cropped wp-block-gallery-1 is-layout-flex wp-block-gallery-is-layout-flex\">\n<figure class=\"wp-block-image size-large\"><img loading=\"lazy\" decoding=\"async\" width=\"1024\" height=\"682\" data-id=\"790\" src=\"https:\/\/billerbeck.info\/wp-content\/uploads\/2021\/03\/billerbeck-Nachhaltigkeit_1_Umwelt_5_Regionales-Engagement_3.Level_billerbeck-NABU-1024x682.jpg\" alt=\"\" class=\"wp-image-790\" srcset=\"https:\/\/billerbeck.info\/wp-content\/uploads\/2021\/03\/billerbeck-Nachhaltigkeit_1_Umwelt_5_Regionales-Engagement_3.Level_billerbeck-NABU-1024x682.jpg 1024w, https:\/\/billerbeck.info\/wp-content\/uploads\/2021\/03\/billerbeck-Nachhaltigkeit_1_Umwelt_5_Regionales-Engagement_3.Level_billerbeck-NABU-300x200.jpg 300w, https:\/\/billerbeck.info\/wp-content\/uploads\/2021\/03\/billerbeck-Nachhaltigkeit_1_Umwelt_5_Regionales-Engagement_3.Level_billerbeck-NABU-768x512.jpg 768w, https:\/\/billerbeck.info\/wp-content\/uploads\/2021\/03\/billerbeck-Nachhaltigkeit_1_Umwelt_5_Regionales-Engagement_3.Level_billerbeck-NABU.jpg 1280w\" sizes=\"auto, (max-width: 1024px) 100vw, 1024px\" \/><\/figure>\n\n\n\n<figure class=\"wp-block-image size-large\"><img loading=\"lazy\" decoding=\"async\" width=\"1024\" height=\"682\" data-id=\"793\" src=\"https:\/\/billerbeck.info\/wp-content\/uploads\/2021\/03\/billerbeck-Nachhaltigkeit_1_Umwelt_5_Regionales-Engagement_3.Level_billerbeck-Wiese-1024x682.jpg\" alt=\"\" class=\"wp-image-793\" srcset=\"https:\/\/billerbeck.info\/wp-content\/uploads\/2021\/03\/billerbeck-Nachhaltigkeit_1_Umwelt_5_Regionales-Engagement_3.Level_billerbeck-Wiese-1024x682.jpg 1024w, https:\/\/billerbeck.info\/wp-content\/uploads\/2021\/03\/billerbeck-Nachhaltigkeit_1_Umwelt_5_Regionales-Engagement_3.Level_billerbeck-Wiese-300x200.jpg 300w, https:\/\/billerbeck.info\/wp-content\/uploads\/2021\/03\/billerbeck-Nachhaltigkeit_1_Umwelt_5_Regionales-Engagement_3.Level_billerbeck-Wiese-768x512.jpg 768w, https:\/\/billerbeck.info\/wp-content\/uploads\/2021\/03\/billerbeck-Nachhaltigkeit_1_Umwelt_5_Regionales-Engagement_3.Level_billerbeck-Wiese.jpg 1280w\" sizes=\"auto, (max-width: 1024px) 100vw, 1024px\" \/><\/figure>\n<\/figure>\n\n\n\n<p>&nbsp;<\/p>\n\n\n\n<h2 class=\"wp-block-heading has-text-align-center\">Lebenshilfe Bruchsal-Bretten e.V.<\/h2>\n\n\n\n<p>Seit mehr als 50 Jahren unterst\u00fctzt uns die Lebenshilfe Bruchsal-Bretten e. V. bei der Produktion von billerbeck-Bettwaren. Neben der Fertigung von Nackenst\u00fctzkissen und Nachf\u00fcllbeuteln, n\u00e4hen die Mitarbeiter Kissenh\u00fcllen f\u00fcr billerbeck.<\/p>\n\n\n\n<p>Die Lebenshilfe Bruchsal-Bretten e. V. ist eine Vereinigung von und f\u00fcr Menschen mit geistiger oder seelischer Behinderung im Bezirk Bruchsal-Bretten.<\/p>\n\n\n\n<h2 class=\"wp-block-heading has-text-align-center\">Spende f\u00fcr Asiatischen Garten<\/h2>\n\n\n\n<p>In Kraichtal-M\u00fcnzesheim befindet sich einer der gr\u00f6ssten asiatischen G\u00e4rten Deutschlands und gleichzeitig sch\u00f6nsten Europas. Der \u201eGarten der heiteren Stille\u201c wurde 1985 vom Therapiezentrum M\u00fcnzesheim, durch den damaligen Chefarzt und Asienfan Dr. J\u00fcrgen Schwarz konzipiert und gemeinsam mit Aktivisten und F\u00f6rdergeldern ins Leben gerufen.<\/p>\n\n\n\n<p>Die Vision wurde mit viel Leidenschaft und handwerklichem Geschick verwirklicht. Seitdem dient das Gemeinschaftsprojekt der Klinik zur therapeutischen Unterst\u00fctzung der Patienten. Mit viele Liebe zum Detail wird die Blumen- und Bl\u00fctenpracht regelm\u00e4ssig vom G\u00e4rtnermeister, den Arbeitstherapeuten und Patienten erweitert und gepflegt.<\/p>\n\n\n\n<p>Um die mittlerweile eingestellten F\u00f6rdergelder aufzufangen, wird ein faszinierender Bildband des Asiatischen Gartens vom \u201eVerlag Regionalkultur\u201c entwickelt, welcher durch Spenden finanziert wird.<\/p>\n\n\n\n<p>Damit der Asiatische Garten weiterhin in Europa strahlen kann, sich das fast 40-j\u00e4hrige Engagement der Klinik auszahlt und wertvolle Unterst\u00fctzung f\u00fcr die Patienten gesichert wird, beteiligt sich billerbeck mit einer grossz\u00fcgigen Spende an dem Buchprojekt.<\/p>\n\n\n\n<figure class=\"wp-block-gallery has-nested-images columns-default is-cropped wp-block-gallery-2 is-layout-flex wp-block-gallery-is-layout-flex\">\n<figure class=\"wp-block-image size-large\"><img loading=\"lazy\" decoding=\"async\" width=\"1024\" height=\"682\" data-id=\"7089\" src=\"https:\/\/billerbeck.info\/wp-content\/uploads\/2022\/10\/billerbeck-Nachhaltigkeit_Umwelt-Regionales-Engagement_Asiatischer-Garten_Therapiezentrum-Kraichtal_1-4-1024x682.jpg\" alt=\"\" class=\"wp-image-7089\" srcset=\"https:\/\/billerbeck.info\/wp-content\/uploads\/2022\/10\/billerbeck-Nachhaltigkeit_Umwelt-Regionales-Engagement_Asiatischer-Garten_Therapiezentrum-Kraichtal_1-4-1024x682.jpg 1024w, https:\/\/billerbeck.info\/wp-content\/uploads\/2022\/10\/billerbeck-Nachhaltigkeit_Umwelt-Regionales-Engagement_Asiatischer-Garten_Therapiezentrum-Kraichtal_1-4-300x200.jpg 300w, https:\/\/billerbeck.info\/wp-content\/uploads\/2022\/10\/billerbeck-Nachhaltigkeit_Umwelt-Regionales-Engagement_Asiatischer-Garten_Therapiezentrum-Kraichtal_1-4-768x512.jpg 768w, https:\/\/billerbeck.info\/wp-content\/uploads\/2022\/10\/billerbeck-Nachhaltigkeit_Umwelt-Regionales-Engagement_Asiatischer-Garten_Therapiezentrum-Kraichtal_1-4.jpg 1280w\" sizes=\"auto, (max-width: 1024px) 100vw, 1024px\" \/><\/figure>\n\n\n\n<figure class=\"wp-block-image size-large\"><img loading=\"lazy\" decoding=\"async\" width=\"1024\" height=\"682\" data-id=\"7094\" src=\"https:\/\/billerbeck.info\/wp-content\/uploads\/2022\/10\/billerbeck-Nachhaltigkeit_Umwelt-Regionales-Engagement_Asiatischer-Garten_Therapiezentrum-Kraichtal_2-3-1024x682.jpg\" alt=\"\" class=\"wp-image-7094\" srcset=\"https:\/\/billerbeck.info\/wp-content\/uploads\/2022\/10\/billerbeck-Nachhaltigkeit_Umwelt-Regionales-Engagement_Asiatischer-Garten_Therapiezentrum-Kraichtal_2-3-1024x682.jpg 1024w, https:\/\/billerbeck.info\/wp-content\/uploads\/2022\/10\/billerbeck-Nachhaltigkeit_Umwelt-Regionales-Engagement_Asiatischer-Garten_Therapiezentrum-Kraichtal_2-3-300x200.jpg 300w, https:\/\/billerbeck.info\/wp-content\/uploads\/2022\/10\/billerbeck-Nachhaltigkeit_Umwelt-Regionales-Engagement_Asiatischer-Garten_Therapiezentrum-Kraichtal_2-3-768x512.jpg 768w, https:\/\/billerbeck.info\/wp-content\/uploads\/2022\/10\/billerbeck-Nachhaltigkeit_Umwelt-Regionales-Engagement_Asiatischer-Garten_Therapiezentrum-Kraichtal_2-3.jpg 1280w\" sizes=\"auto, (max-width: 1024px) 100vw, 1024px\" \/><\/figure>\n<\/figure>\n","protected":false},"excerpt":{"rendered":"<p>Ziel der billerbeck-Spenden ist es, die Vielfalt des gesellschaftlichen Engagements aufzuzeigen und wertzusch\u00e4tzen. Deshalb pflegen und unterst\u00fctzen wir gemeinsam mit unseren [&hellip;]<\/p>\n","protected":false},"author":2,"featured_media":11985,"parent":7634,"menu_order":0,"comment_status":"closed","ping_status":"closed","template":"","meta":{"_acf_changed":false,"footnotes":""},"class_list":["post-7663","page","type-page","status-publish","has-post-thumbnail","hentry"],"acf":[],"_links":{"self":[{"href":"https:\/\/billerbeck.info\/ch\/wp-json\/wp\/v2\/pages\/7663","targetHints":{"allow":["GET"]}}],"collection":[{"href":"https:\/\/billerbeck.info\/ch\/wp-json\/wp\/v2\/pages"}],"about":[{"href":"https:\/\/billerbeck.info\/ch\/wp-json\/wp\/v2\/types\/page"}],"author":[{"embeddable":true,"href":"https:\/\/billerbeck.info\/ch\/wp-json\/wp\/v2\/users\/2"}],"replies":[{"embeddable":true,"href":"https:\/\/billerbeck.info\/ch\/wp-json\/wp\/v2\/comments?post=7663"}],"version-history":[{"count":6,"href":"https:\/\/billerbeck.info\/ch\/wp-json\/wp\/v2\/pages\/7663\/revisions"}],"predecessor-version":[{"id":11662,"href":"https:\/\/billerbeck.info\/ch\/wp-json\/wp\/v2\/pages\/7663\/revisions\/11662"}],"up":[{"embeddable":true,"href":"https:\/\/billerbeck.info\/ch\/wp-json\/wp\/v2\/pages\/7634"}],"wp:featuredmedia":[{"embeddable":true,"href":"https:\/\/billerbeck.info\/ch\/wp-json\/wp\/v2\/media\/11985"}],"wp:attachment":[{"href":"https:\/\/billerbeck.info\/ch\/wp-json\/wp\/v2\/media?parent=7663"}],"curies":[{"name":"wp","href":"https:\/\/api.w.org\/{rel}","templated":true}]}}

Regionales Engagement für Mensch, Tier und Umwelt_alt

<h2 class="wp-block-heading"></h2>



<p>Ziel der billerbeck-Spenden ist es, die Vielfalt des gesellschaftlichen Engagements aufzuzeigen und wertzuschätzen. Deshalb pflegen und unterstützen wir gemeinsam mit unseren Partnern zahlreiche bürgerliche Initiativen. Dieser Einsatz für Natur- und Klimaschutz sowie soziale und kulturelle Projekte in unserem Umfeld ist uns eine Herzensangelegenheit, die hohe Priorität hat.</p>



<h2 class="wp-block-heading has-text-align-center">Klimaneutrales Drucken und umweltschonende Verpackungen</h2>



<p>billerbeck Schweiz mit einer aus dem regionalen Umfeld stammenden Druckerei zusammenarbeitet, die besonderen Wert auf klimaneutrales Drucken und umweltschonende Verpackungen legt. Diese beliefert billerbeck mit Kartonagen für unsere Daunendecken und Kissen. Für die Produkte unserer Marke Swiss Dream verwenden wir des Weiteren neue Boxen, die aus bis zu 80 % recyceltem Material bestehen.</p>



<h2 class="wp-block-heading has-text-align-center">Ökologisches Produktion durch Wärmerückgewinnung</h2>



<p>Darüber hinaus bemühen wir uns auch um ein ökologisches Engagement in der Produktion. Mit der vorhandenen Wärmerückgewinnung sparen wir beim Trocknen der Daunen und Federn bereits pro Stunde ca. 4 kg Heizöl ein, was über das Jahr gesehen einer Reduktion von ungefähr 6.000 bis 8.000 kg Heizöl entspricht. Mit anderen Worten ausgedrückt, verzeichnen wir bei einem jährlichen Verbrauch von 100.000 kg Einsparungen in Höhe von 7 %.</p>



<h2 class="wp-block-heading has-text-align-center">Friedlicher Schlaf ist unbezahlbar.<br>billerbeck Spenden für Hilfsbedürftige und Flüchtlinge</h2>



<p>In Zusammenarbeit mit gemeinnützigen Organisationen, Gemeinden und Städten in der Region, engagieren wir uns mit grosszügigen Geld- und Sachspenden von Bettwaren bei denjenigen, für die friedlicher und erholsamer Schlaf nicht selbstverständlich ist.</p>



<p>Für den unermüdlichen Einsatz in den schwierigen Zeiten, die Unterstützung, Organisation<br>und Logistik danken wir insbesondere: Bruchsal (Caritas), Stadt Kraichtal für Flüchtlinge, Integrations-Kulturzentrum e.V. Mettmann und der Flüchtlingsunterkunft der Gemeinde Zaberfeld.</p>



<p>Darüber hinaus unterstützen wir folgende Organisationen und Vereine: TAFEL in Deutschland und Österreich, Deutsches Roten Kreuz Kraichtal, Lebenshilfe Bruchsal-Bretten e. V., Ein Herz für Kinder“, Kinderhospizdienst, „blut.eV – Bürger für Leukämie- und Tumorerkrankungen“, Der bunte Kreis, Autismuszentrum Bruchsal, Kraichtal hilft e. V., Oase des Lebens e.V. und die Aktion: Weihnachten im Schuhkarton.</p>



<h2 class="wp-block-heading has-text-align-center">Initiative zum Insektenschutz</h2>



<p>Eine in unmittelbarer Nähe unseres Firmengeländes liegende Wiese wurde 2019 von billerbeck gekauft und einem Pächter überlassen, der diese nach strengen ökologischen Vorschriften bewirtschaftet, deren Einhaltung für uns höchste Priorität besitzt. Beispielhaft anzuführen ist dabei der geringe Einsatz von Düngemitteln oder das nur zweimalige Mähen des Grundstückes pro Jahr mit Schneidewerkzeug, was gerade für den Insektenbestand und Artenschutz sehr wichtig ist.</p>



<p>Durch dieses Engagement möchten wir einen nachhaltigen Beitrag zum Naturschutz und insbesondere auch zur Bekämpfung des problematischen Insektenschwundes leisten. Dabei liegt uns vor allem die richtige Pflege oder gar eine Verbesserung der Wiese am Herzen, um so für mehr Artenreichtum der Tier- und Pflanzenwelt zu sorgen.</p>



<h2 class="wp-block-heading has-text-align-center">Unser Einsatz für den Naturschutz</h2>



<p>Um unser regionales Engagement und dabei vor allem unseren Einsatz für den Naturschutz&nbsp;zu unterstreichen, legen wir grossen Wert auf die Zusammenarbeit mit dem NABU Kraichtal.&nbsp;Regelmässige Spenden werden insbesondere für den Kauf von Grundstücken verwendet, die der NABU Kraichtal im Sinn des Naturschutzes bewirtschaftet.</p>



<figure class="wp-block-gallery has-nested-images columns-default is-cropped wp-block-gallery-1 is-layout-flex wp-block-gallery-is-layout-flex">
<figure class="wp-block-image size-large"><img loading="lazy" decoding="async" width="1024" height="682" data-id="790" src="https://billerbeck.info/wp-content/uploads/2021/03/billerbeck-Nachhaltigkeit_1_Umwelt_5_Regionales-Engagement_3.Level_billerbeck-NABU-1024x682.jpg" alt="" class="wp-image-790" srcset="https://billerbeck.info/wp-content/uploads/2021/03/billerbeck-Nachhaltigkeit_1_Umwelt_5_Regionales-Engagement_3.Level_billerbeck-NABU-1024x682.jpg 1024w, https://billerbeck.info/wp-content/uploads/2021/03/billerbeck-Nachhaltigkeit_1_Umwelt_5_Regionales-Engagement_3.Level_billerbeck-NABU-300x200.jpg 300w, https://billerbeck.info/wp-content/uploads/2021/03/billerbeck-Nachhaltigkeit_1_Umwelt_5_Regionales-Engagement_3.Level_billerbeck-NABU-768x512.jpg 768w, https://billerbeck.info/wp-content/uploads/2021/03/billerbeck-Nachhaltigkeit_1_Umwelt_5_Regionales-Engagement_3.Level_billerbeck-NABU.jpg 1280w" sizes="auto, (max-width: 1024px) 100vw, 1024px" /></figure>



<figure class="wp-block-image size-large"><img loading="lazy" decoding="async" width="1024" height="682" data-id="793" src="https://billerbeck.info/wp-content/uploads/2021/03/billerbeck-Nachhaltigkeit_1_Umwelt_5_Regionales-Engagement_3.Level_billerbeck-Wiese-1024x682.jpg" alt="" class="wp-image-793" srcset="https://billerbeck.info/wp-content/uploads/2021/03/billerbeck-Nachhaltigkeit_1_Umwelt_5_Regionales-Engagement_3.Level_billerbeck-Wiese-1024x682.jpg 1024w, https://billerbeck.info/wp-content/uploads/2021/03/billerbeck-Nachhaltigkeit_1_Umwelt_5_Regionales-Engagement_3.Level_billerbeck-Wiese-300x200.jpg 300w, https://billerbeck.info/wp-content/uploads/2021/03/billerbeck-Nachhaltigkeit_1_Umwelt_5_Regionales-Engagement_3.Level_billerbeck-Wiese-768x512.jpg 768w, https://billerbeck.info/wp-content/uploads/2021/03/billerbeck-Nachhaltigkeit_1_Umwelt_5_Regionales-Engagement_3.Level_billerbeck-Wiese.jpg 1280w" sizes="auto, (max-width: 1024px) 100vw, 1024px" /></figure>
</figure>



<p>&nbsp;</p>



<h2 class="wp-block-heading has-text-align-center">Lebenshilfe Bruchsal-Bretten e.V.</h2>



<p>Seit mehr als 50 Jahren unterstützt uns die Lebenshilfe Bruchsal-Bretten e. V. bei der Produktion von billerbeck-Bettwaren. Neben der Fertigung von Nackenstützkissen und Nachfüllbeuteln, nähen die Mitarbeiter Kissenhüllen für billerbeck.</p>



<p>Die Lebenshilfe Bruchsal-Bretten e. V. ist eine Vereinigung von und für Menschen mit geistiger oder seelischer Behinderung im Bezirk Bruchsal-Bretten.</p>



<h2 class="wp-block-heading has-text-align-center">Spende für Asiatischen Garten</h2>



<p>In Kraichtal-Münzesheim befindet sich einer der grössten asiatischen Gärten Deutschlands und gleichzeitig schönsten Europas. Der „Garten der heiteren Stille“ wurde 1985 vom Therapiezentrum Münzesheim, durch den damaligen Chefarzt und Asienfan Dr. Jürgen Schwarz konzipiert und gemeinsam mit Aktivisten und Fördergeldern ins Leben gerufen.</p>



<p>Die Vision wurde mit viel Leidenschaft und handwerklichem Geschick verwirklicht. Seitdem dient das Gemeinschaftsprojekt der Klinik zur therapeutischen Unterstützung der Patienten. Mit viele Liebe zum Detail wird die Blumen- und Blütenpracht regelmässig vom Gärtnermeister, den Arbeitstherapeuten und Patienten erweitert und gepflegt.</p>



<p>Um die mittlerweile eingestellten Fördergelder aufzufangen, wird ein faszinierender Bildband des Asiatischen Gartens vom „Verlag Regionalkultur“ entwickelt, welcher durch Spenden finanziert wird.</p>



<p>Damit der Asiatische Garten weiterhin in Europa strahlen kann, sich das fast 40-jährige Engagement der Klinik auszahlt und wertvolle Unterstützung für die Patienten gesichert wird, beteiligt sich billerbeck mit einer grosszügigen Spende an dem Buchprojekt.</p>



<figure class="wp-block-gallery has-nested-images columns-default is-cropped wp-block-gallery-2 is-layout-flex wp-block-gallery-is-layout-flex">
<figure class="wp-block-image size-large"><img loading="lazy" decoding="async" width="1024" height="682" data-id="7089" src="https://billerbeck.info/wp-content/uploads/2022/10/billerbeck-Nachhaltigkeit_Umwelt-Regionales-Engagement_Asiatischer-Garten_Therapiezentrum-Kraichtal_1-4-1024x682.jpg" alt="" class="wp-image-7089" srcset="https://billerbeck.info/wp-content/uploads/2022/10/billerbeck-Nachhaltigkeit_Umwelt-Regionales-Engagement_Asiatischer-Garten_Therapiezentrum-Kraichtal_1-4-1024x682.jpg 1024w, https://billerbeck.info/wp-content/uploads/2022/10/billerbeck-Nachhaltigkeit_Umwelt-Regionales-Engagement_Asiatischer-Garten_Therapiezentrum-Kraichtal_1-4-300x200.jpg 300w, https://billerbeck.info/wp-content/uploads/2022/10/billerbeck-Nachhaltigkeit_Umwelt-Regionales-Engagement_Asiatischer-Garten_Therapiezentrum-Kraichtal_1-4-768x512.jpg 768w, https://billerbeck.info/wp-content/uploads/2022/10/billerbeck-Nachhaltigkeit_Umwelt-Regionales-Engagement_Asiatischer-Garten_Therapiezentrum-Kraichtal_1-4.jpg 1280w" sizes="auto, (max-width: 1024px) 100vw, 1024px" /></figure>



<figure class="wp-block-image size-large"><img loading="lazy" decoding="async" width="1024" height="682" data-id="7094" src="https://billerbeck.info/wp-content/uploads/2022/10/billerbeck-Nachhaltigkeit_Umwelt-Regionales-Engagement_Asiatischer-Garten_Therapiezentrum-Kraichtal_2-3-1024x682.jpg" alt="" class="wp-image-7094" srcset="https://billerbeck.info/wp-content/uploads/2022/10/billerbeck-Nachhaltigkeit_Umwelt-Regionales-Engagement_Asiatischer-Garten_Therapiezentrum-Kraichtal_2-3-1024x682.jpg 1024w, https://billerbeck.info/wp-content/uploads/2022/10/billerbeck-Nachhaltigkeit_Umwelt-Regionales-Engagement_Asiatischer-Garten_Therapiezentrum-Kraichtal_2-3-300x200.jpg 300w, https://billerbeck.info/wp-content/uploads/2022/10/billerbeck-Nachhaltigkeit_Umwelt-Regionales-Engagement_Asiatischer-Garten_Therapiezentrum-Kraichtal_2-3-768x512.jpg 768w, https://billerbeck.info/wp-content/uploads/2022/10/billerbeck-Nachhaltigkeit_Umwelt-Regionales-Engagement_Asiatischer-Garten_Therapiezentrum-Kraichtal_2-3.jpg 1280w" sizes="auto, (max-width: 1024px) 100vw, 1024px" /></figure>
</figure>

<p>Ziel der billerbeck-Spenden ist es, die Vielfalt des gesellschaftlichen Engagements aufzuzeigen und wertzuschätzen. Deshalb pflegen und unterstützen wir gemeinsam mit unseren [&hellip;]</p>
